d q?
10
Let l = -46 + 37. Let m(y) = -y + 21. Let u be m(l). Calculate the greatest common factor of 6 and u.
6
Let r = -37 + 39. Let b be r*-5*(-6 + 2). Calculate the greatest common factor of b and 8.
8
Let f = 8 + 36. Let t be (f/(-10))/(((-10)/(-25))/(-2)). Calculate the greatest common factor of t and 11.
11
Let s be 64/48 + (-30976)/(-24). Calculate the highest common factor of 57 and s.
19
Suppose -3*l - 2*l = -2*g + 261, 0 = 4*l - 20. Let u = 42 - 31. What is the highest common divisor of g and u?
11
Suppose -14*i - 6006 = -27*i. Calculate the highest common divisor of 168 and i.
42
Suppose -178 = -20*a + 302. Calculate the highest common factor of a and 588.
12
Let f = -33 - -62. Let h = -15 + f. Suppose 4*r + 3*x = 2*x + 57, 5*x + 65 = 5*r. Calculate the highest common factor of h and r.
14
Let r = 86 - 86. Suppose 2*n + r = 4, -3*u + n = -88. Calculate the highest common divisor of 6 and u.
6
Let u = 77 - 108. Let i = u + 38. What is the highest common factor of i and 77?
7
Let g(q) = -7*q + 49. Let o be (-12 + 0)/(2/(-8)*-6). Let f be g(o). Calculate the highest common factor of 42 and f.
21
Let s(c) = -c**2 - 19*c + 69. Let x be s(-22). Calculate the greatest common factor of 69 and x.
3
Let l = -2 + 6. Suppose 25 = -l*n + 9*n. Suppose -2*o + n*i - 6*i + 265 = 0, -4*o = 5*i - 515. Calculate the highest common divisor of o and 15.
15
Let o = -4 + -15. Let z = o + 73. Calculate the highest common factor of z and 6.
6
Suppose 6*o = -2*o + 2264. Let z = o - 112. What is the greatest common divisor of z and 19?
19
Let d = -33 - -30. Let x be (-4 - 0) + 16 - d. Suppose u - 6*u = 5*t - 65, 0 = t + 2. Calculate the highest common divisor of u and x.
15
Let c(r) = 4*r + 10. Let b be c(13). Suppose 12*a - b = 58. Calculate the greatest common divisor of 10 and a.
10
Let x be 130/3 + (-4)/(-6). Suppose o - x + 8 = 0. Suppose -u + 1 = -2, -2*l - 2*u + 42 = 0. Calculate the highest common divisor of l and o.
18
Let d(w) = -w**3 + 26*w**2 + 29*w + 78. Let k be d(27). Calculate the highest common factor of 154 and k.
22
Suppose q - i = -42, -2*i = -3*q + 3*i - 124. Let l = 77 + q. Calculate the greatest common factor of l and 51.
17
Suppose 2*w + 0*w + 12 = 0. Let o = 18 + w. Let z = o - 0. Calculate the greatest common factor of 132 and z.
12
Let y be -3*(1 - -3)/(-12). Let o be 1/(-1 + (3 - y)). Suppose 0 = 5*d - 31 + o. What is the highest common factor of 54 and d?
6
Let s(z) = 5*z - 40. Suppose 0*f - 35 = -3*i - f, 5*i = -5*f + 55. Let v be s(i). What is the highest common factor of v and 4?
4
Let l(i) = 4*i + 3. Let r be l(8). Suppose -5*p - 14 = -3*y - 1, -4*p - 28 = 2*y. Let n be 34 + p/((-15)/3). What is the highest common factor of n and r?
35
Suppose 0 = -a - 2, 4*a + a = -c - 4. Suppose 352 = c*k - 2*k. Let i = 16 - 5. What is the highest common divisor of i and k?
11
Let c be ((-3)/9*-3)/((-18)/(-3186)). What is the highest common factor of 3 and c?
3
Suppose -2*v + 3 = -3. Let p = 27 + v. Calculate the highest common divisor of 3 and p.
3
Let m = -183 + 408. What is the greatest common factor of m and 30?
15
Let t be 7 - (-7)/(42/(-30)). What is the greatest common divisor of t and 22?
2
Let n(y) = -y**2 - 12*y + 30. Let s be n(-13). What is the greatest common factor of s and 17?
17
Let y be (-2)/(-18) - 16*(-511)/126. What is the greatest common factor of y and 25?
5
Suppose -8*s = -161 - 167. What is the greatest common divisor of s and 41?
41
Let h = -246 - -320. Calculate the greatest common factor of h and 148.
74
Suppose 73 = 5*u - 57. Let n be u/((3 - 1) + -1). Suppose 130 = 2*p - 3*r, -3*p + 0*p - 3*r + 195 = 0. What is the highest common divisor of n and p?
13
Let t = 20 - 23. Let b be (-148)/(-12) + t + 1/(-3). What is the greatest common divisor of 3 and b?
3
Let l be 126*(10 + -14 - -5). Calculate the greatest common factor of l and 180.
18
Let s = -447 - -482. Suppose 6*p = 2*p - 20, u - 30 = -p. What is the highest common divisor of s and u?
35
Let g = 74 - 39. Suppose -105 = -5*z - g. Let a(l) = 212*l - 722. Let m be a(4). Calculate the greatest common divisor of z and m.
14
Let n be (1*-2)/(13/26). Let r be (-2 - n)/((-29)/10 + 3). What is the greatest common divisor of 50 and r?
10
Suppose 48*c - 49 = 527. Calculate the highest common factor of c and 84.
12
Suppose 31*f + 18 = 28*f. Let c = f + 12. Let k be 1/((-51)/27 - -2). Calculate the highest common divisor of c and k.
3
Let w = -626 - -830. Calculate the greatest common divisor of 51 and w.
51
Suppose -16*a + 2176 = -51*a + 103*a. Suppose -668 = -3*q - 2*b, q = -5*b + 215 - 1. What is the highest common divisor of q and a?
32
Suppose 0 = -10*b + 186 + 1154. Let s = -69 + b. Calculate the greatest common divisor of s and 13.
13
Let d be (-40)/(-13) - (-71)/(-923). Calculate the highest common divisor of d and 162.
3
Let f = 415 + -226. What is the greatest common divisor of f and 21?
21
Let d = -2 + 11. Suppose 128 - d = p. Let o = -7 + 24. What is the greatest common divisor of o and p?
17
Let u = -221 + 224. What is the highest common factor of 87 and u?
3
Let f = 52 - -88. Calculate the highest common divisor of 175 and f.
35
Suppose 9 = z - 4. Suppose z*f - 124 = 9*f. Let x = 32 - f. Calculate the highest common divisor of 7 and x.
1
Let x(r) = 4*r**2 - 13 - r - 3*r**2 + 4*r + 6. Let z be x(3). What is the highest common divisor of z and 88?
11
Suppose -1502 = 13*t - 1710. Let k be 60*((-14)/(-10) - 1). What is the greatest common divisor of t and k?
8
Suppose 0 = 12*s - 8*s - 384. Suppose 10*v = 14*v - s. Calculate the highest common divisor of v and 60.
12
Suppose -3*p = -5*j + 3 + 1, 10 = 3*p + 2*j. Let n = 30 + -25. Suppose p*b - 21 = n. What is the highest common factor of 104 and b?
13
Let j(r) = r**2 - 2*r - 1. Let t be j(-3). Let y(p) = p**2 - 5*p - 8. Let d be y(8). Suppose -3*o + d + 110 = 0. What is the highest common divisor of t and o?
14
Let k = -42 - -60. Let b(n) = -k - 20 + 10 - 3*n. Let y be b(-18). Calculate the highest common factor of y and 234.
26
Let w be 2/4*-2 - -64. Suppose 4*v + 0*v = -5*h + 38, -5*v + 37 = h. Suppose 21 = v*s - w. Calculate the highest common divisor of 30 and s.
6
Let a = 681 - 673. Calculate the greatest common factor of a and 196.
4
Let q = 2966 - 2081. Calculate the highest common factor of 15 and q.
15
Suppose 0 = p - 9 - 11. Let h = 25 - p. Suppose 61 = a - 2*q + 3, 0 = h*q - 25. What is the highest common factor of 170 and a?
34
Let z be (-45)/(-54) + 1958/12. What is the greatest common divisor of 8 and z?
4
Let b be 195/(-12)*(-16)/2. Let v = 280 + -228. What is the highest common divisor of v and b?
26
Let z(a) = -a**3 - 4*a**2 + 5. Let m be z(-5). Let h = -25 - -21. Let f be (-200)/m*6/h. What is the greatest common divisor of 20 and f?
10
Suppose -5*l = -3*q - 13, 3*l = -0*l + 6. Let n be 1 + 50 - q - 2. Let x = -299 + 309. Calculate the highest common divisor of n and x.
10
Let u(m) = m**3 - 2*m**2 - 2*m + 9. Let t be u(3). What is the greatest common divisor of t and 6?
6
Let d(z) = 11*z - 3. Let g be d(6). Suppose -76 = -7*i - 13. Calculate the greatest common divisor of i and g.
9
Let c(a) = -560*a + 85. Let i(n) = -20*n + 3. Let x = -12 + -158. Let f(z) = x*i(z) + 6*c(z). Let l be f(1). Calculate the greatest common factor of 8 and l.
8
Suppose 0 = 2*b + 4*h - 16, -5*b + 0*h + 4*h + 96 = 0. Calculate the greatest common divisor of 108 and b.
4
Suppose 0*v = -8*v + 168. Suppose 3*t - 7 = -262. Let g be -1 - -2*t/(-2). What is the highest common divisor of g and v?
21
Let n = -11 + 12. Let z be ((-5)/(-1))/(n*2/6). What is the greatest common divisor of z and 6?
3
Let r be (1 - 16)*13/(195/(-18)). Suppose 0 = -r*f + 155 + 529. Calculate the greatest common factor of 114 and f.
38
Let r(f) = 44*f - 389. Let b be r(9). What is the greatest common factor of b and 1351?
7
Suppose -f + 11 = 3. Let a = 20 + f. What is the greatest common divisor of a and 112?
28
Let y = 0 - -9. Suppose -143 - 28 = -d. What is the greatest common divisor of d and y?
9
Let b be 52 - (18 - 2)*(-2)/(-8). Let m be (-2 + (-45)/12)*-4. Let n = m + 9. What is the greatest common factor of b and n?
16
Let q(y) be the first derivative of y**2/2 + 37*y - 8. Let p be q(-25). Calculate the highest common factor of p and 36.
12